{"id":2002,"date":"2016-10-21T13:57:40","date_gmt":"2016-10-21T13:57:40","guid":{"rendered":"http:\/\/salgesch.ch\/fr\/?page_id=2002"},"modified":"2025-01-14T15:20:30","modified_gmt":"2025-01-14T15:20:30","slug":"a-propos","status":"publish","type":"page","link":"https:\/\/salgesch.ch\/fr\/a-propos\/","title":{"rendered":"\u00c0 propos"},"content":{"rendered":"<div class=\"wpb-content-wrapper\"><p>[vc_row][vc_column][vc_empty_space][vc_column_text]<\/p>\n<h5 style=\"text-align: center;\"><span style=\"color: #950048;\">M\u00e9diatisation du village viticole<\/span><\/h5>\n<h2 style=\"text-align: center;\"><strong><span style=\"color: black;\">L&#8217;association du village viticole de Salquenen<\/span><\/strong><\/h2>\n<p>[\/vc_column_text][vc_column_text css=&#8221;.vc_custom_1477058148670{margin-top: 50px !important;margin-right: 50px !important;margin-bottom: 50px !important;margin-left: 50px !important;}&#8221;]<\/p>\n<p style=\"text-align: center;\">Cette association comprend des collaborateurs marchands de vins, h\u00f4teliers et des m\u00e9tiers de l&#8217;artisanat de Salquenen. L&#8217;association soutient l&#8217;int\u00e9r\u00eat des marques de Salgesch\/ Salquenen et a pour but de promouvoir le village viticole dans le reste du monde. Nous assurons la gestion strat\u00e9gique, touristique et promotionnelle du village viticole de Salquenen.<\/p>\n<p>[\/vc_column_text][\/vc_column][\/vc_row][vc_row][vc_column][vc_empty_space][vc_column_text]<\/p>\n<h5 style=\"text-align: center;\"><\/h5>\n<h2 style=\"text-align: center;\"><strong><span style=\"color: black;\">Le comit\u00e9 directeur<\/span><\/strong><\/h2>\n<p>[\/vc_column_text][\/vc_column][\/vc_row][vc_row][vc_column][vc_empty_space][\/vc_column][\/vc_row][vc_row][vc_column width=&#8221;1\/3&#8243; animation=&#8221;fadeInLeft&#8221;][vc_column_text css=&#8221;&#8221;]<\/p>\n<h4 style=\"text-align: center;\"><span style=\"color: black;\">Natacha Clavien<\/span><\/h4>\n<h6 style=\"text-align: center;\"><em><span style=\"color: #950048;\">Pr\u00e9sidente<\/span><\/em><\/h6>\n<p>[\/vc_column_text][vc_single_image image=&#8221;7249&#8243; img_size=&#8221;150&#215;150&#8243; alignment=&#8221;center&#8221; style=&#8221;vc_box_circle_2&#8243;][\/vc_column][vc_column width=&#8221;1\/3&#8243; animation=&#8221;fadeInLeft&#8221;][vc_column_text css=&#8221;&#8221;]<\/p>\n<h4 style=\"text-align: center;\"><span style=\"color: black;\">Fabienne Sermier-Loretan<\/span><\/h4>\n<h6 style=\"text-align: center;\"><em><span style=\"color: #950048;\">Directrice g\u00e9n\u00e9rale<\/span><\/em><\/h6>\n<p>[\/vc_column_text][vc_single_image image=&#8221;8969&#8243; img_size=&#8221;150&#215;150&#8243; alignment=&#8221;center&#8221; style=&#8221;vc_box_circle_2&#8243; css=&#8221;&#8221;][\/vc_column][vc_column width=&#8221;1\/3&#8243; animation=&#8221;fadeInRight&#8221;][vc_column_text]<\/p>\n<h4 style=\"text-align: center;\"><span style=\"color: black;\">Rolf Marti<\/span><\/h4>\n<h6 style=\"text-align: center;\"><em><span style=\"color: #950048;\">Pr\u00e9sident de la commission de qualit\u00e9 du Grand Cru<\/span><\/em><\/h6>\n<p>[\/vc_column_text][vc_single_image image=&#8221;2374&#8243; img_size=&#8221;full&#8221; alignment=&#8221;center&#8221; style=&#8221;vc_box_circle_2&#8243;][\/vc_column][\/vc_row][vc_row][vc_column][vc_empty_space][\/vc_column][\/vc_row][vc_row][vc_column width=&#8221;1\/2&#8243; animation=&#8221;fadeInLeft&#8221;][vc_column_text]<\/p>\n<h4 style=\"text-align: center;\"><span style=\"color: black;\">Robin Heinzmann<\/span><\/h4>\n<h6 style=\"text-align: center;\"><em><span style=\"color: #950048;\">Membre du comit\u00e9<\/span><\/em><\/h6>\n<p>[\/vc_column_text][vc_single_image image=&#8221;8523&#8243; img_size=&#8221;full&#8221; alignment=&#8221;center&#8221; style=&#8221;vc_box_circle_2&#8243;][\/vc_column][vc_column width=&#8221;1\/2&#8243; animation=&#8221;fadeInRight&#8221;][vc_column_text]<\/p>\n<h4 style=\"text-align: center;\"><span style=\"color: black;\">C\u00e9dric Constantin<\/span><\/h4>\n<h6 style=\"text-align: center;\"><em><span style=\"color: #950048;\">Membre du comit\u00e9<\/span><\/em><\/h6>\n<p>[\/vc_column_text][vc_single_image image=&#8221;8006&#8243; img_size=&#8221;150&#215;150&#8243; alignment=&#8221;center&#8221; style=&#8221;vc_box_circle_2&#8243;][\/vc_column][\/vc_row][vc_row][vc_column][vc_empty_space][\/vc_column][\/vc_row]<\/p>\n<\/div>","protected":false},"excerpt":{"rendered":"<p>[vc_row][vc_column][vc_empty_space][vc_column_text] M\u00e9diatisation du village viticole L&#8217;association du village viticole de Salquenen [\/vc_column_text][vc_column_text css=&#8221;.vc_custom_1477058148670{margin-top: 50px !important;margin-right: 50px !important;margin-bottom: 50px !important;margin-left: 50px !important;}&#8221;] Cette association comprend des collaborateurs marchands de vins, h\u00f4teliers et des m\u00e9tiers de l&#8217;artisanat de Salquenen. L&#8217;association soutient l&#8217;int\u00e9r\u00eat des marques de Salgesch\/ Salquenen et a pour but de promouvoir le village viticole dans&hellip;<\/p>\n","protected":false},"author":1,"featured_media":0,"parent":0,"menu_order":0,"comment_status":"closed","ping_status":"closed","template":"","meta":{"footnotes":""},"class_list":["post-2002","page","type-page","status-publish","hentry","description-off"],"yoast_head":"<!-- This site is optimized with the Yoast SEO plugin v27.5 - https:\/\/yoast.com\/product\/yoast-seo-wordpress\/ -->\n<title>\u00c0 propos - Salgesch I Salquenen<\/title>\n<meta name=\"robots\" content=\"index, follow, max-snippet:-1, max-image-preview:large, max-video-preview:-1\" \/>\n<link rel=\"canonical\" href=\"https:\/\/salgesch.ch\/fr\/a-propos\/\" \/>\n<meta property=\"og:locale\" content=\"fr_FR\" \/>\n<meta property=\"og:type\" content=\"article\" \/>\n<meta property=\"og:title\" content=\"\u00c0 propos - Salgesch I Salquenen\" \/>\n<meta property=\"og:description\" content=\"[vc_row][vc_column][vc_empty_space][vc_column_text] M\u00e9diatisation du village viticole L&#8217;association du village viticole de Salquenen [\/vc_column_text][vc_column_text css=&#8221;.vc_custom_1477058148670{margin-top: 50px !important;margin-right: 50px !important;margin-bottom: 50px !important;margin-left: 50px !important;}&#8221;] Cette association comprend des collaborateurs marchands de vins, h\u00f4teliers et des m\u00e9tiers de l&#8217;artisanat de Salquenen. L&#8217;association soutient l&#8217;int\u00e9r\u00eat des marques de Salgesch\/ Salquenen et a pour but de promouvoir le village viticole dans&hellip;\" \/>\n<meta property=\"og:url\" content=\"https:\/\/salgesch.ch\/fr\/a-propos\/\" \/>\n<meta property=\"og:site_name\" content=\"Salgesch I Salquenen\" \/>\n<meta property=\"article:modified_time\" content=\"2025-01-14T15:20:30+00:00\" \/>\n<meta name=\"twitter:card\" content=\"summary_large_image\" \/>\n<meta name=\"twitter:label1\" content=\"Est. reading time\" \/>\n\t<meta name=\"twitter:data1\" content=\"2 minutes\" \/>\n<script type=\"application\/ld+json\" class=\"yoast-schema-graph\">{\"@context\":\"https:\\\/\\\/schema.org\",\"@graph\":[{\"@type\":\"WebPage\",\"@id\":\"https:\\\/\\\/salgesch.ch\\\/fr\\\/a-propos\\\/\",\"url\":\"https:\\\/\\\/salgesch.ch\\\/fr\\\/a-propos\\\/\",\"name\":\"\u00c0 propos - Salgesch I Salquenen\",\"isPartOf\":{\"@id\":\"https:\\\/\\\/salgesch.ch\\\/fr\\\/#website\"},\"datePublished\":\"2016-10-21T13:57:40+00:00\",\"dateModified\":\"2025-01-14T15:20:30+00:00\",\"breadcrumb\":{\"@id\":\"https:\\\/\\\/salgesch.ch\\\/fr\\\/a-propos\\\/#breadcrumb\"},\"inLanguage\":\"fr-CH\",\"potentialAction\":[{\"@type\":\"ReadAction\",\"target\":[\"https:\\\/\\\/salgesch.ch\\\/fr\\\/a-propos\\\/\"]}]},{\"@type\":\"BreadcrumbList\",\"@id\":\"https:\\\/\\\/salgesch.ch\\\/fr\\\/a-propos\\\/#breadcrumb\",\"itemListElement\":[{\"@type\":\"ListItem\",\"position\":1,\"name\":\"Startseite\",\"item\":\"https:\\\/\\\/salgesch.ch\\\/fr\\\/\"},{\"@type\":\"ListItem\",\"position\":2,\"name\":\"\u00c0 propos\"}]},{\"@type\":\"WebSite\",\"@id\":\"https:\\\/\\\/salgesch.ch\\\/fr\\\/#website\",\"url\":\"https:\\\/\\\/salgesch.ch\\\/fr\\\/\",\"name\":\"Salgesch I Salquenen\",\"description\":\"Das Weindorf der Schweiz\",\"potentialAction\":[{\"@type\":\"SearchAction\",\"target\":{\"@type\":\"EntryPoint\",\"urlTemplate\":\"https:\\\/\\\/salgesch.ch\\\/fr\\\/?s={search_term_string}\"},\"query-input\":{\"@type\":\"PropertyValueSpecification\",\"valueRequired\":true,\"valueName\":\"search_term_string\"}}],\"inLanguage\":\"fr-CH\"}]}<\/script>\n<!-- \/ Yoast SEO plugin. -->","yoast_head_json":{"title":"\u00c0 propos - Salgesch I Salquenen","robots":{"index":"index","follow":"follow","max-snippet":"max-snippet:-1","max-image-preview":"max-image-preview:large","max-video-preview":"max-video-preview:-1"},"canonical":"https:\/\/salgesch.ch\/fr\/a-propos\/","og_locale":"fr_FR","og_type":"article","og_title":"\u00c0 propos - Salgesch I Salquenen","og_description":"[vc_row][vc_column][vc_empty_space][vc_column_text] M\u00e9diatisation du village viticole L&#8217;association du village viticole de Salquenen [\/vc_column_text][vc_column_text css=&#8221;.vc_custom_1477058148670{margin-top: 50px !important;margin-right: 50px !important;margin-bottom: 50px !important;margin-left: 50px !important;}&#8221;] Cette association comprend des collaborateurs marchands de vins, h\u00f4teliers et des m\u00e9tiers de l&#8217;artisanat de Salquenen. L&#8217;association soutient l&#8217;int\u00e9r\u00eat des marques de Salgesch\/ Salquenen et a pour but de promouvoir le village viticole dans&hellip;","og_url":"https:\/\/salgesch.ch\/fr\/a-propos\/","og_site_name":"Salgesch I Salquenen","article_modified_time":"2025-01-14T15:20:30+00:00","twitter_card":"summary_large_image","twitter_misc":{"Est. reading time":"2 minutes"},"schema":{"@context":"https:\/\/schema.org","@graph":[{"@type":"WebPage","@id":"https:\/\/salgesch.ch\/fr\/a-propos\/","url":"https:\/\/salgesch.ch\/fr\/a-propos\/","name":"\u00c0 propos - Salgesch I Salquenen","isPartOf":{"@id":"https:\/\/salgesch.ch\/fr\/#website"},"datePublished":"2016-10-21T13:57:40+00:00","dateModified":"2025-01-14T15:20:30+00:00","breadcrumb":{"@id":"https:\/\/salgesch.ch\/fr\/a-propos\/#breadcrumb"},"inLanguage":"fr-CH","potentialAction":[{"@type":"ReadAction","target":["https:\/\/salgesch.ch\/fr\/a-propos\/"]}]},{"@type":"BreadcrumbList","@id":"https:\/\/salgesch.ch\/fr\/a-propos\/#breadcrumb","itemListElement":[{"@type":"ListItem","position":1,"name":"Startseite","item":"https:\/\/salgesch.ch\/fr\/"},{"@type":"ListItem","position":2,"name":"\u00c0 propos"}]},{"@type":"WebSite","@id":"https:\/\/salgesch.ch\/fr\/#website","url":"https:\/\/salgesch.ch\/fr\/","name":"Salgesch I Salquenen","description":"Das Weindorf der Schweiz","potentialAction":[{"@type":"SearchAction","target":{"@type":"EntryPoint","urlTemplate":"https:\/\/salgesch.ch\/fr\/?s={search_term_string}"},"query-input":{"@type":"PropertyValueSpecification","valueRequired":true,"valueName":"search_term_string"}}],"inLanguage":"fr-CH"}]}},"_links":{"self":[{"href":"https:\/\/salgesch.ch\/fr\/wp-json\/wp\/v2\/pages\/2002","targetHints":{"allow":["GET"]}}],"collection":[{"href":"https:\/\/salgesch.ch\/fr\/wp-json\/wp\/v2\/pages"}],"about":[{"href":"https:\/\/salgesch.ch\/fr\/wp-json\/wp\/v2\/types\/page"}],"author":[{"embeddable":true,"href":"https:\/\/salgesch.ch\/fr\/wp-json\/wp\/v2\/users\/1"}],"replies":[{"embeddable":true,"href":"https:\/\/salgesch.ch\/fr\/wp-json\/wp\/v2\/comments?post=2002"}],"version-history":[{"count":12,"href":"https:\/\/salgesch.ch\/fr\/wp-json\/wp\/v2\/pages\/2002\/revisions"}],"predecessor-version":[{"id":8972,"href":"https:\/\/salgesch.ch\/fr\/wp-json\/wp\/v2\/pages\/2002\/revisions\/8972"}],"wp:attachment":[{"href":"https:\/\/salgesch.ch\/fr\/wp-json\/wp\/v2\/media?parent=2002"}],"curies":[{"name":"wp","href":"https:\/\/api.w.org\/{rel}","templated":true}]}}

À propos

<div class="wpb-content-wrapper"><p>[vc_row][vc_column][vc_empty_space][vc_column_text]</p>
<h5 style="text-align: center;"><span style="color: #950048;">Médiatisation du village viticole</span></h5>
<h2 style="text-align: center;"><strong><span style="color: black;">L&#8217;association du village viticole de Salquenen</span></strong></h2>
<p>[/vc_column_text][vc_column_text css=&#8221;.vc_custom_1477058148670{margin-top: 50px !important;margin-right: 50px !important;margin-bottom: 50px !important;margin-left: 50px !important;}&#8221;]</p>
<p style="text-align: center;">Cette association comprend des collaborateurs marchands de vins, hôteliers et des métiers de l&#8217;artisanat de Salquenen. L&#8217;association soutient l&#8217;intérêt des marques de Salgesch/ Salquenen et a pour but de promouvoir le village viticole dans le reste du monde. Nous assurons la gestion stratégique, touristique et promotionnelle du village viticole de Salquenen.</p>
<p>[/vc_column_text][/vc_column][/vc_row][vc_row][vc_column][vc_empty_space][vc_column_text]</p>
<h5 style="text-align: center;"></h5>
<h2 style="text-align: center;"><strong><span style="color: black;">Le comité directeur</span></strong></h2>
<p>[/vc_column_text][/vc_column][/vc_row][vc_row][vc_column][vc_empty_space][/vc_column][/vc_row][vc_row][vc_column width=&#8221;1/3&#8243; animation=&#8221;fadeInLeft&#8221;][vc_column_text css=&#8221;&#8221;]</p>
<h4 style="text-align: center;"><span style="color: black;">Natacha Clavien</span></h4>
<h6 style="text-align: center;"><em><span style="color: #950048;">Présidente</span></em></h6>
<p>[/vc_column_text][vc_single_image image=&#8221;7249&#8243; img_size=&#8221;150&#215;150&#8243; alignment=&#8221;center&#8221; style=&#8221;vc_box_circle_2&#8243;][/vc_column][vc_column width=&#8221;1/3&#8243; animation=&#8221;fadeInLeft&#8221;][vc_column_text css=&#8221;&#8221;]</p>
<h4 style="text-align: center;"><span style="color: black;">Fabienne Sermier-Loretan</span></h4>
<h6 style="text-align: center;"><em><span style="color: #950048;">Directrice générale</span></em></h6>
<p>[/vc_column_text][vc_single_image image=&#8221;8969&#8243; img_size=&#8221;150&#215;150&#8243; alignment=&#8221;center&#8221; style=&#8221;vc_box_circle_2&#8243; css=&#8221;&#8221;][/vc_column][vc_column width=&#8221;1/3&#8243; animation=&#8221;fadeInRight&#8221;][vc_column_text]</p>
<h4 style="text-align: center;"><span style="color: black;">Rolf Marti</span></h4>
<h6 style="text-align: center;"><em><span style="color: #950048;">Président de la commission de qualité du Grand Cru</span></em></h6>
<p>[/vc_column_text][vc_single_image image=&#8221;2374&#8243; img_size=&#8221;full&#8221; alignment=&#8221;center&#8221; style=&#8221;vc_box_circle_2&#8243;][/vc_column][/vc_row][vc_row][vc_column][vc_empty_space][/vc_column][/vc_row][vc_row][vc_column width=&#8221;1/2&#8243; animation=&#8221;fadeInLeft&#8221;][vc_column_text]</p>
<h4 style="text-align: center;"><span style="color: black;">Robin Heinzmann</span></h4>
<h6 style="text-align: center;"><em><span style="color: #950048;">Membre du comité</span></em></h6>
<p>[/vc_column_text][vc_single_image image=&#8221;8523&#8243; img_size=&#8221;full&#8221; alignment=&#8221;center&#8221; style=&#8221;vc_box_circle_2&#8243;][/vc_column][vc_column width=&#8221;1/2&#8243; animation=&#8221;fadeInRight&#8221;][vc_column_text]</p>
<h4 style="text-align: center;"><span style="color: black;">Cédric Constantin</span></h4>
<h6 style="text-align: center;"><em><span style="color: #950048;">Membre du comité</span></em></h6>
<p>[/vc_column_text][vc_single_image image=&#8221;8006&#8243; img_size=&#8221;150&#215;150&#8243; alignment=&#8221;center&#8221; style=&#8221;vc_box_circle_2&#8243;][/vc_column][/vc_row][vc_row][vc_column][vc_empty_space][/vc_column][/vc_row]</p>
</div>

<p>[vc_row][vc_column][vc_empty_space][vc_column_text] Médiatisation du village viticole L&#8217;association du village viticole de Salquenen [/vc_column_text][vc_column_text css=&#8221;.vc_custom_1477058148670{margin-top: 50px !important;margin-right: 50px !important;margin-bottom: 50px !important;margin-left: 50px !important;}&#8221;] Cette association comprend des collaborateurs marchands de vins, hôteliers et des métiers de l&#8217;artisanat de Salquenen. L&#8217;association soutient l&#8217;intérêt des marques de Salgesch/ Salquenen et a pour but de promouvoir le village viticole dans&hellip;</p>

<!-- This site is optimized with the Yoast SEO plugin v27.5 - https://yoast.com/product/yoast-seo-wordpress/ -->
<title>À propos - Salgesch I Salquenen</title>
<meta name="robots" content="index, follow, max-snippet:-1, max-image-preview:large, max-video-preview:-1" />
<link rel="canonical" href="https://salgesch.ch/fr/a-propos/" />
<meta property="og:locale" content="fr_FR" />
<meta property="og:type" content="article" />
<meta property="og:title" content="À propos - Salgesch I Salquenen" />
<meta property="og:description" content="[vc_row][vc_column][vc_empty_space][vc_column_text] Médiatisation du village viticole L&#8217;association du village viticole de Salquenen [/vc_column_text][vc_column_text css=&#8221;.vc_custom_1477058148670{margin-top: 50px !important;margin-right: 50px !important;margin-bottom: 50px !important;margin-left: 50px !important;}&#8221;] Cette association comprend des collaborateurs marchands de vins, hôteliers et des métiers de l&#8217;artisanat de Salquenen. L&#8217;association soutient l&#8217;intérêt des marques de Salgesch/ Salquenen et a pour but de promouvoir le village viticole dans&hellip;" />
<meta property="og:url" content="https://salgesch.ch/fr/a-propos/" />
<meta property="og:site_name" content="Salgesch I Salquenen" />
<meta property="article:modified_time" content="2025-01-14T15:20:30+00:00" />
<meta name="twitter:card" content="summary_large_image" />
<meta name="twitter:label1" content="Est. reading time" />
	<meta name="twitter:data1" content="2 minutes" />
<script type="application/ld+json" class="yoast-schema-graph">{"@context":"https:\/\/schema.org","@graph":[{"@type":"WebPage","@id":"https:\/\/salgesch.ch\/fr\/a-propos\/","url":"https:\/\/salgesch.ch\/fr\/a-propos\/","name":"À propos - Salgesch I Salquenen","isPartOf":{"@id":"https:\/\/salgesch.ch\/fr\/#website"},"datePublished":"2016-10-21T13:57:40+00:00","dateModified":"2025-01-14T15:20:30+00:00","breadcrumb":{"@id":"https:\/\/salgesch.ch\/fr\/a-propos\/#breadcrumb"},"inLanguage":"fr-CH","potentialAction":[{"@type":"ReadAction","target":["https:\/\/salgesch.ch\/fr\/a-propos\/"]}]},{"@type":"BreadcrumbList","@id":"https:\/\/salgesch.ch\/fr\/a-propos\/#breadcrumb","itemListElement":[{"@type":"ListItem","position":1,"name":"Startseite","item":"https:\/\/salgesch.ch\/fr\/"},{"@type":"ListItem","position":2,"name":"À propos"}]},{"@type":"WebSite","@id":"https:\/\/salgesch.ch\/fr\/#website","url":"https:\/\/salgesch.ch\/fr\/","name":"Salgesch I Salquenen","description":"Das Weindorf der Schweiz","potentialAction":[{"@type":"SearchAction","target":{"@type":"EntryPoint","urlTemplate":"https:\/\/salgesch.ch\/fr\/?s={search_term_string}"},"query-input":{"@type":"PropertyValueSpecification","valueRequired":true,"valueName":"search_term_string"}}],"inLanguage":"fr-CH"}]}</script>
<!-- / Yoast SEO plugin. -->

À propos - Salgesch I Salquenen

[vc_row][vc_column][vc_empty_space][vc_column_text] Médiatisation du village viticole L&#8217;association du village viticole de Salquenen [/vc_column_text][vc_column_text css=&#8221;.vc_custom_1477058148670{margin-top: 50px !important;margin-right: 50px !important;margin-bottom: 50px !important;margin-left: 50px !important;}&#8221;] Cette association comprend des collaborateurs marchands de vins, hôteliers et des métiers de l&#8217;artisanat de Salquenen. L&#8217;association soutient l&#8217;intérêt des marques de Salgesch/ Salquenen et a pour but de promouvoir le village viticole dans&hellip;
