{"id":2010,"date":"2016-10-21T13:52:19","date_gmt":"2016-10-21T13:52:19","guid":{"rendered":"http:\/\/salgesch.ch\/fr\/?page_id=2010"},"modified":"2022-01-06T12:39:06","modified_gmt":"2022-01-06T12:39:06","slug":"voyage","status":"publish","type":"page","link":"https:\/\/salgesch.ch\/fr\/voyage\/","title":{"rendered":"Voyage"},"content":{"rendered":"<div class=\"wpb-content-wrapper\"><p>[vc_row][vc_column][vc_empty_space][vc_column_text]<\/p>\n<h5 style=\"text-align: center;\"><span style=\"color: #950048;\">Venez nous voir<\/span><\/h5>\n<h2 style=\"text-align: center;\"><strong><span style=\"color: black;\">Dans le fond de la vall\u00e9e du Valais<\/span><\/strong><\/h2>\n<p>[\/vc_column_text][vc_column_text css=&#8221;.vc_custom_1477057729873{margin-top: 50px !important;margin-right: 50px !important;margin-bottom: 50px !important;margin-left: 50px !important;}&#8221;]<\/p>\n<p style=\"text-align: center;\">Ce village viticole idyllique, \u00e0 la fronti\u00e8re linguistique entre le Haut-Valais et le Bas-Valais s&#8217;est transform\u00e9 en l&#8217;un des plus grands lieux viticoles. Salgesch se trouve au creux de la vall\u00e9e du Valais, il est ainsi facile de s&#8217;y rendre. Vous avez le choix entre les moyens de transport suivants :<\/p>\n<p>[\/vc_column_text][\/vc_column][\/vc_row][vc_row][vc_column width=&#8221;1\/4&#8243;][vc_empty_space][vc_tta_tabs style=&#8221;flat&#8221; shape=&#8221;square&#8221; color=&#8221;white&#8221; alignment=&#8221;center&#8221; active_section=&#8221;1&#8243; pagination_style=&#8221;flat-round&#8221; no_fill_content_area=&#8221;true&#8221;][vc_tta_section i_icon_fontawesome=&#8221;fa fa-car&#8221; add_icon=&#8221;true&#8221; title=&#8221;En voiture&#8221; tab_id=&#8221;1461138377816-7718c866-582063e2-da9bcf22-4893e9d7-6c2b10b1-30ca&#8221;][vc_empty_space height=&#8221;40px&#8221;][vc_column_text]<\/p>\n<h2 style=\"text-align: center;\">Voir l&#8217;itin\u00e9raire ci-dessous<\/h2>\n<h6 style=\"text-align: center;\"><em><span style=\"color: #950048;\">Cliquez sur le logo<\/span><\/em><\/h6>\n<p>[\/vc_column_text][vc_single_image image=&#8221;1715&#8243; img_size=&#8221;80&#215;80&#8243; alignment=&#8221;center&#8221; style=&#8221;vc_box_circle_2&#8243; onclick=&#8221;custom_link&#8221; img_link_target=&#8221;_blank&#8221; css_animation=&#8221;fadeInDown&#8221; link=&#8221;https:\/\/www.google.ch\/maps\/dir\/\/3970+Salgesch\/@46.3090396,7.5373156,13z\/data=!4m16!1m7!3m6!1s0x478f1ed055f17309:0xc430595773709d89!2s3970+Salgesch!3b1!8m2!3d46.3117718!4d7.5704709!4m7!1m0!1m5!1m1!1s0x478f1ed055f17309:0xc430595773709d89!2m2!1d7.5704709!2d46.3117718&#8243;][\/vc_tta_section][vc_tta_section i_icon_fontawesome=&#8221;fa fa-train&#8221; add_icon=&#8221;true&#8221; title=&#8221;En train&#8221; tab_id=&#8221;1461138377970-6a981405-f20e63e2-da9bcf22-4893e9d7-6c2b10b1-30ca&#8221;][vc_empty_space height=&#8221;40px&#8221;][vc_column_text]<\/p>\n<h2 style=\"text-align: center;\">Consultez ici les horaires de trains<\/h2>\n<h6 style=\"text-align: center;\"><em><span style=\"color: #950048;\">Cliquez sur le logo<\/span><\/em><\/h6>\n<p>[\/vc_column_text][vc_single_image image=&#8221;1716&#8243; img_size=&#8221;80&#215;80&#8243; alignment=&#8221;center&#8221; style=&#8221;vc_box_circle_2&#8243; onclick=&#8221;custom_link&#8221; img_link_target=&#8221;_blank&#8221; css_animation=&#8221;fadeInDown&#8221; link=&#8221;https:\/\/fahrplan.sbb.ch\/bin\/query.exe\/de&#8221;][\/vc_tta_section][vc_tta_section i_icon_fontawesome=&#8221;fa fa-plane&#8221; add_icon=&#8221;true&#8221; title=&#8221;En avion&#8221; tab_id=&#8221;1461142700771-7b703a44-b7b163e2-da9bcf22-4893e9d7-6c2b10b1-30ca&#8221;][vc_empty_space height=&#8221;40px&#8221;][vc_column_text]<\/p>\n<h2 style=\"text-align: center;\"><span style=\"color: black;\">3 a\u00e9roports<\/span><\/h2>\n<h6 style=\"text-align: center;\"><em><span style=\"color: #950048;\">3 a\u00e9roports suisses sont \u00e0 votre disposition pour vous rendre \u00e0 Salquenen<\/span><\/em><\/h6>\n<p>[\/vc_column_text][vc_column_text]<\/p>\n<p style=\"text-align: center;\">Le plus petit se trouve \u00e0 Sion. De l\u00e0, il vous faut prendre le train ou bien la voiture pendant environ 20 minutes jusqu&#8217;\u00e0 Salgesch.<\/p>\n<p style=\"text-align: center;\">Le deuxi\u00e8me plus grand a\u00e9roport se trouve \u00e0 Gen\u00e8ve. Il vous faudra ensuite 1h45 en voiture pour vous rendre \u00e0 Salgesch. 2h30 en train.<\/p>\n<p style=\"text-align: center;\">Le plus gros a\u00e9roport se trouve \u00e0 Zurich. Il vous faut ensuite prendre la voiture pour 2h50. En train, le temps de trajet est le m\u00eame.<\/p>\n<p>[\/vc_column_text][\/vc_tta_section][\/vc_tta_tabs][\/vc_column][vc_column width=&#8221;3\/4&#8243;][vc_empty_space][vc_single_image image=&#8221;1718&#8243; img_size=&#8221;full&#8221; alignment=&#8221;center&#8221;][\/vc_column][\/vc_row]<\/p>\n<\/div>","protected":false},"excerpt":{"rendered":"<p>[vc_row][vc_column][vc_empty_space][vc_column_text] Venez nous voir Dans le fond de la vall\u00e9e du Valais [\/vc_column_text][vc_column_text css=&#8221;.vc_custom_1477057729873{margin-top: 50px !important;margin-right: 50px !important;margin-bottom: 50px !important;margin-left: 50px !important;}&#8221;] Ce village viticole idyllique, \u00e0 la fronti\u00e8re linguistique entre le Haut-Valais et le Bas-Valais s&#8217;est transform\u00e9 en l&#8217;un des plus grands lieux viticoles. Salgesch se trouve au creux de la vall\u00e9e du Valais,&hellip;<\/p>\n","protected":false},"author":1,"featured_media":0,"parent":0,"menu_order":0,"comment_status":"closed","ping_status":"closed","template":"","meta":{"footnotes":""},"class_list":["post-2010","page","type-page","status-publish","hentry","description-off"],"yoast_head":"<!-- This site is optimized with the Yoast SEO plugin v27.5 - https:\/\/yoast.com\/product\/yoast-seo-wordpress\/ -->\n<title>Voyage - Salgesch I Salquenen<\/title>\n<meta name=\"robots\" content=\"index, follow, max-snippet:-1, max-image-preview:large, max-video-preview:-1\" \/>\n<link rel=\"canonical\" href=\"https:\/\/salgesch.ch\/fr\/voyage\/\" \/>\n<meta property=\"og:locale\" content=\"fr_FR\" \/>\n<meta property=\"og:type\" content=\"article\" \/>\n<meta property=\"og:title\" content=\"Voyage - Salgesch I Salquenen\" \/>\n<meta property=\"og:description\" content=\"[vc_row][vc_column][vc_empty_space][vc_column_text] Venez nous voir Dans le fond de la vall\u00e9e du Valais [\/vc_column_text][vc_column_text css=&#8221;.vc_custom_1477057729873{margin-top: 50px !important;margin-right: 50px !important;margin-bottom: 50px !important;margin-left: 50px !important;}&#8221;] Ce village viticole idyllique, \u00e0 la fronti\u00e8re linguistique entre le Haut-Valais et le Bas-Valais s&#8217;est transform\u00e9 en l&#8217;un des plus grands lieux viticoles. Salgesch se trouve au creux de la vall\u00e9e du Valais,&hellip;\" \/>\n<meta property=\"og:url\" content=\"https:\/\/salgesch.ch\/fr\/voyage\/\" \/>\n<meta property=\"og:site_name\" content=\"Salgesch I Salquenen\" \/>\n<meta property=\"article:modified_time\" content=\"2022-01-06T12:39:06+00:00\" \/>\n<meta name=\"twitter:card\" content=\"summary_large_image\" \/>\n<meta name=\"twitter:label1\" content=\"Est. reading time\" \/>\n\t<meta name=\"twitter:data1\" content=\"2 minutes\" \/>\n<script type=\"application\/ld+json\" class=\"yoast-schema-graph\">{\"@context\":\"https:\\\/\\\/schema.org\",\"@graph\":[{\"@type\":\"WebPage\",\"@id\":\"https:\\\/\\\/salgesch.ch\\\/fr\\\/voyage\\\/\",\"url\":\"https:\\\/\\\/salgesch.ch\\\/fr\\\/voyage\\\/\",\"name\":\"Voyage - Salgesch I Salquenen\",\"isPartOf\":{\"@id\":\"https:\\\/\\\/salgesch.ch\\\/fr\\\/#website\"},\"datePublished\":\"2016-10-21T13:52:19+00:00\",\"dateModified\":\"2022-01-06T12:39:06+00:00\",\"breadcrumb\":{\"@id\":\"https:\\\/\\\/salgesch.ch\\\/fr\\\/voyage\\\/#breadcrumb\"},\"inLanguage\":\"fr-CH\",\"potentialAction\":[{\"@type\":\"ReadAction\",\"target\":[\"https:\\\/\\\/salgesch.ch\\\/fr\\\/voyage\\\/\"]}]},{\"@type\":\"BreadcrumbList\",\"@id\":\"https:\\\/\\\/salgesch.ch\\\/fr\\\/voyage\\\/#breadcrumb\",\"itemListElement\":[{\"@type\":\"ListItem\",\"position\":1,\"name\":\"Startseite\",\"item\":\"https:\\\/\\\/salgesch.ch\\\/fr\\\/\"},{\"@type\":\"ListItem\",\"position\":2,\"name\":\"Voyage\"}]},{\"@type\":\"WebSite\",\"@id\":\"https:\\\/\\\/salgesch.ch\\\/fr\\\/#website\",\"url\":\"https:\\\/\\\/salgesch.ch\\\/fr\\\/\",\"name\":\"Salgesch I Salquenen\",\"description\":\"Das Weindorf der Schweiz\",\"potentialAction\":[{\"@type\":\"SearchAction\",\"target\":{\"@type\":\"EntryPoint\",\"urlTemplate\":\"https:\\\/\\\/salgesch.ch\\\/fr\\\/?s={search_term_string}\"},\"query-input\":{\"@type\":\"PropertyValueSpecification\",\"valueRequired\":true,\"valueName\":\"search_term_string\"}}],\"inLanguage\":\"fr-CH\"}]}<\/script>\n<!-- \/ Yoast SEO plugin. -->","yoast_head_json":{"title":"Voyage - Salgesch I Salquenen","robots":{"index":"index","follow":"follow","max-snippet":"max-snippet:-1","max-image-preview":"max-image-preview:large","max-video-preview":"max-video-preview:-1"},"canonical":"https:\/\/salgesch.ch\/fr\/voyage\/","og_locale":"fr_FR","og_type":"article","og_title":"Voyage - Salgesch I Salquenen","og_description":"[vc_row][vc_column][vc_empty_space][vc_column_text] Venez nous voir Dans le fond de la vall\u00e9e du Valais [\/vc_column_text][vc_column_text css=&#8221;.vc_custom_1477057729873{margin-top: 50px !important;margin-right: 50px !important;margin-bottom: 50px !important;margin-left: 50px !important;}&#8221;] Ce village viticole idyllique, \u00e0 la fronti\u00e8re linguistique entre le Haut-Valais et le Bas-Valais s&#8217;est transform\u00e9 en l&#8217;un des plus grands lieux viticoles. Salgesch se trouve au creux de la vall\u00e9e du Valais,&hellip;","og_url":"https:\/\/salgesch.ch\/fr\/voyage\/","og_site_name":"Salgesch I Salquenen","article_modified_time":"2022-01-06T12:39:06+00:00","twitter_card":"summary_large_image","twitter_misc":{"Est. reading time":"2 minutes"},"schema":{"@context":"https:\/\/schema.org","@graph":[{"@type":"WebPage","@id":"https:\/\/salgesch.ch\/fr\/voyage\/","url":"https:\/\/salgesch.ch\/fr\/voyage\/","name":"Voyage - Salgesch I Salquenen","isPartOf":{"@id":"https:\/\/salgesch.ch\/fr\/#website"},"datePublished":"2016-10-21T13:52:19+00:00","dateModified":"2022-01-06T12:39:06+00:00","breadcrumb":{"@id":"https:\/\/salgesch.ch\/fr\/voyage\/#breadcrumb"},"inLanguage":"fr-CH","potentialAction":[{"@type":"ReadAction","target":["https:\/\/salgesch.ch\/fr\/voyage\/"]}]},{"@type":"BreadcrumbList","@id":"https:\/\/salgesch.ch\/fr\/voyage\/#breadcrumb","itemListElement":[{"@type":"ListItem","position":1,"name":"Startseite","item":"https:\/\/salgesch.ch\/fr\/"},{"@type":"ListItem","position":2,"name":"Voyage"}]},{"@type":"WebSite","@id":"https:\/\/salgesch.ch\/fr\/#website","url":"https:\/\/salgesch.ch\/fr\/","name":"Salgesch I Salquenen","description":"Das Weindorf der Schweiz","potentialAction":[{"@type":"SearchAction","target":{"@type":"EntryPoint","urlTemplate":"https:\/\/salgesch.ch\/fr\/?s={search_term_string}"},"query-input":{"@type":"PropertyValueSpecification","valueRequired":true,"valueName":"search_term_string"}}],"inLanguage":"fr-CH"}]}},"_links":{"self":[{"href":"https:\/\/salgesch.ch\/fr\/wp-json\/wp\/v2\/pages\/2010","targetHints":{"allow":["GET"]}}],"collection":[{"href":"https:\/\/salgesch.ch\/fr\/wp-json\/wp\/v2\/pages"}],"about":[{"href":"https:\/\/salgesch.ch\/fr\/wp-json\/wp\/v2\/types\/page"}],"author":[{"embeddable":true,"href":"https:\/\/salgesch.ch\/fr\/wp-json\/wp\/v2\/users\/1"}],"replies":[{"embeddable":true,"href":"https:\/\/salgesch.ch\/fr\/wp-json\/wp\/v2\/comments?post=2010"}],"version-history":[{"count":3,"href":"https:\/\/salgesch.ch\/fr\/wp-json\/wp\/v2\/pages\/2010\/revisions"}],"predecessor-version":[{"id":7227,"href":"https:\/\/salgesch.ch\/fr\/wp-json\/wp\/v2\/pages\/2010\/revisions\/7227"}],"wp:attachment":[{"href":"https:\/\/salgesch.ch\/fr\/wp-json\/wp\/v2\/media?parent=2010"}],"curies":[{"name":"wp","href":"https:\/\/api.w.org\/{rel}","templated":true}]}}

<div class="wpb-content-wrapper"><p>[vc_row][vc_column][vc_empty_space][vc_column_text]</p>
<h5 style="text-align: center;"><span style="color: #950048;">Venez nous voir</span></h5>
<h2 style="text-align: center;"><strong><span style="color: black;">Dans le fond de la vallée du Valais</span></strong></h2>
<p>[/vc_column_text][vc_column_text css=&#8221;.vc_custom_1477057729873{margin-top: 50px !important;margin-right: 50px !important;margin-bottom: 50px !important;margin-left: 50px !important;}&#8221;]</p>
<p style="text-align: center;">Ce village viticole idyllique, à la frontière linguistique entre le Haut-Valais et le Bas-Valais s&#8217;est transformé en l&#8217;un des plus grands lieux viticoles. Salgesch se trouve au creux de la vallée du Valais, il est ainsi facile de s&#8217;y rendre. Vous avez le choix entre les moyens de transport suivants :</p>
<p>[/vc_column_text][/vc_column][/vc_row][vc_row][vc_column width=&#8221;1/4&#8243;][vc_empty_space][vc_tta_tabs style=&#8221;flat&#8221; shape=&#8221;square&#8221; color=&#8221;white&#8221; alignment=&#8221;center&#8221; active_section=&#8221;1&#8243; pagination_style=&#8221;flat-round&#8221; no_fill_content_area=&#8221;true&#8221;][vc_tta_section i_icon_fontawesome=&#8221;fa fa-car&#8221; add_icon=&#8221;true&#8221; title=&#8221;En voiture&#8221; tab_id=&#8221;1461138377816-7718c866-582063e2-da9bcf22-4893e9d7-6c2b10b1-30ca&#8221;][vc_empty_space height=&#8221;40px&#8221;][vc_column_text]</p>
<h2 style="text-align: center;">Voir l&#8217;itinéraire ci-dessous</h2>
<h6 style="text-align: center;"><em><span style="color: #950048;">Cliquez sur le logo</span></em></h6>
<p>[/vc_column_text][vc_single_image image=&#8221;1715&#8243; img_size=&#8221;80&#215;80&#8243; alignment=&#8221;center&#8221; style=&#8221;vc_box_circle_2&#8243; onclick=&#8221;custom_link&#8221; img_link_target=&#8221;_blank&#8221; css_animation=&#8221;fadeInDown&#8221; link=&#8221;https://www.google.ch/maps/dir//3970+Salgesch/@46.3090396,7.5373156,13z/data=!4m16!1m7!3m6!1s0x478f1ed055f17309:0xc430595773709d89!2s3970+Salgesch!3b1!8m2!3d46.3117718!4d7.5704709!4m7!1m0!1m5!1m1!1s0x478f1ed055f17309:0xc430595773709d89!2m2!1d7.5704709!2d46.3117718&#8243;][/vc_tta_section][vc_tta_section i_icon_fontawesome=&#8221;fa fa-train&#8221; add_icon=&#8221;true&#8221; title=&#8221;En train&#8221; tab_id=&#8221;1461138377970-6a981405-f20e63e2-da9bcf22-4893e9d7-6c2b10b1-30ca&#8221;][vc_empty_space height=&#8221;40px&#8221;][vc_column_text]</p>
<h2 style="text-align: center;">Consultez ici les horaires de trains</h2>
<h6 style="text-align: center;"><em><span style="color: #950048;">Cliquez sur le logo</span></em></h6>
<p>[/vc_column_text][vc_single_image image=&#8221;1716&#8243; img_size=&#8221;80&#215;80&#8243; alignment=&#8221;center&#8221; style=&#8221;vc_box_circle_2&#8243; onclick=&#8221;custom_link&#8221; img_link_target=&#8221;_blank&#8221; css_animation=&#8221;fadeInDown&#8221; link=&#8221;https://fahrplan.sbb.ch/bin/query.exe/de&#8221;][/vc_tta_section][vc_tta_section i_icon_fontawesome=&#8221;fa fa-plane&#8221; add_icon=&#8221;true&#8221; title=&#8221;En avion&#8221; tab_id=&#8221;1461142700771-7b703a44-b7b163e2-da9bcf22-4893e9d7-6c2b10b1-30ca&#8221;][vc_empty_space height=&#8221;40px&#8221;][vc_column_text]</p>
<h2 style="text-align: center;"><span style="color: black;">3 aéroports</span></h2>
<h6 style="text-align: center;"><em><span style="color: #950048;">3 aéroports suisses sont à votre disposition pour vous rendre à Salquenen</span></em></h6>
<p>[/vc_column_text][vc_column_text]</p>
<p style="text-align: center;">Le plus petit se trouve à Sion. De là, il vous faut prendre le train ou bien la voiture pendant environ 20 minutes jusqu&#8217;à Salgesch.</p>
<p style="text-align: center;">Le deuxième plus grand aéroport se trouve à Genève. Il vous faudra ensuite 1h45 en voiture pour vous rendre à Salgesch. 2h30 en train.</p>
<p style="text-align: center;">Le plus gros aéroport se trouve à Zurich. Il vous faut ensuite prendre la voiture pour 2h50. En train, le temps de trajet est le même.</p>
<p>[/vc_column_text][/vc_tta_section][/vc_tta_tabs][/vc_column][vc_column width=&#8221;3/4&#8243;][vc_empty_space][vc_single_image image=&#8221;1718&#8243; img_size=&#8221;full&#8221; alignment=&#8221;center&#8221;][/vc_column][/vc_row]</p>
</div>

<p>[vc_row][vc_column][vc_empty_space][vc_column_text] Venez nous voir Dans le fond de la vallée du Valais [/vc_column_text][vc_column_text css=&#8221;.vc_custom_1477057729873{margin-top: 50px !important;margin-right: 50px !important;margin-bottom: 50px !important;margin-left: 50px !important;}&#8221;] Ce village viticole idyllique, à la frontière linguistique entre le Haut-Valais et le Bas-Valais s&#8217;est transformé en l&#8217;un des plus grands lieux viticoles. Salgesch se trouve au creux de la vallée du Valais,&hellip;</p>

<!-- This site is optimized with the Yoast SEO plugin v27.5 - https://yoast.com/product/yoast-seo-wordpress/ -->
<title>Voyage - Salgesch I Salquenen</title>
<meta name="robots" content="index, follow, max-snippet:-1, max-image-preview:large, max-video-preview:-1" />
<link rel="canonical" href="https://salgesch.ch/fr/voyage/" />
<meta property="og:locale" content="fr_FR" />
<meta property="og:type" content="article" />
<meta property="og:title" content="Voyage - Salgesch I Salquenen" />
<meta property="og:description" content="[vc_row][vc_column][vc_empty_space][vc_column_text] Venez nous voir Dans le fond de la vallée du Valais [/vc_column_text][vc_column_text css=&#8221;.vc_custom_1477057729873{margin-top: 50px !important;margin-right: 50px !important;margin-bottom: 50px !important;margin-left: 50px !important;}&#8221;] Ce village viticole idyllique, à la frontière linguistique entre le Haut-Valais et le Bas-Valais s&#8217;est transformé en l&#8217;un des plus grands lieux viticoles. Salgesch se trouve au creux de la vallée du Valais,&hellip;" />
<meta property="og:url" content="https://salgesch.ch/fr/voyage/" />
<meta property="og:site_name" content="Salgesch I Salquenen" />
<meta property="article:modified_time" content="2022-01-06T12:39:06+00:00" />
<meta name="twitter:card" content="summary_large_image" />
<meta name="twitter:label1" content="Est. reading time" />
	<meta name="twitter:data1" content="2 minutes" />
<script type="application/ld+json" class="yoast-schema-graph">{"@context":"https:\/\/schema.org","@graph":[{"@type":"WebPage","@id":"https:\/\/salgesch.ch\/fr\/voyage\/","url":"https:\/\/salgesch.ch\/fr\/voyage\/","name":"Voyage - Salgesch I Salquenen","isPartOf":{"@id":"https:\/\/salgesch.ch\/fr\/#website"},"datePublished":"2016-10-21T13:52:19+00:00","dateModified":"2022-01-06T12:39:06+00:00","breadcrumb":{"@id":"https:\/\/salgesch.ch\/fr\/voyage\/#breadcrumb"},"inLanguage":"fr-CH","potentialAction":[{"@type":"ReadAction","target":["https:\/\/salgesch.ch\/fr\/voyage\/"]}]},{"@type":"BreadcrumbList","@id":"https:\/\/salgesch.ch\/fr\/voyage\/#breadcrumb","itemListElement":[{"@type":"ListItem","position":1,"name":"Startseite","item":"https:\/\/salgesch.ch\/fr\/"},{"@type":"ListItem","position":2,"name":"Voyage"}]},{"@type":"WebSite","@id":"https:\/\/salgesch.ch\/fr\/#website","url":"https:\/\/salgesch.ch\/fr\/","name":"Salgesch I Salquenen","description":"Das Weindorf der Schweiz","potentialAction":[{"@type":"SearchAction","target":{"@type":"EntryPoint","urlTemplate":"https:\/\/salgesch.ch\/fr\/?s={search_term_string}"},"query-input":{"@type":"PropertyValueSpecification","valueRequired":true,"valueName":"search_term_string"}}],"inLanguage":"fr-CH"}]}</script>
<!-- / Yoast SEO plugin. -->

[vc_row][vc_column][vc_empty_space][vc_column_text] Venez nous voir Dans le fond de la vallée du Valais [/vc_column_text][vc_column_text css=&#8221;.vc_custom_1477057729873{margin-top: 50px !important;margin-right: 50px !important;margin-bottom: 50px !important;margin-left: 50px !important;}&#8221;] Ce village viticole idyllique, à la frontière linguistique entre le Haut-Valais et le Bas-Valais s&#8217;est transformé en l&#8217;un des plus grands lieux viticoles. Salgesch se trouve au creux de la vallée du Valais,&hellip;
